mon divisor of 1 and t?
1
Let b(n) = -n**3 + 9*n**2 - 6*n - 7. Let f be b(8). Suppose 0 = -4*m - 5*i + 283, 0 = 5*m - 5*i - 170 - 195. What is the greatest common divisor of m and f?
9
Let v be (81/(-18))/((-3)/6). Calculate the greatest common divisor of 18 and v.
9
Let z be (-760)/(-24) - 2/3. Suppose 0 = 3*k + 3*p - 33, -3*k + z = -p + 2*p. What is the greatest common factor of 10 and k?
10
Suppose 2*x - 3*x = 0. Suppose x*u - 2*u + 26 = 0. Let p be (1*13)/((-22)/(-10) + -2). What is the highest common factor of u and p?
13
Suppose -4*d = 0, 44 = 3*u - 5*d - 256. What is the highest common divisor of u and 80?
20
Let z(v) = 12*v**2 - 3. Let t be z(6). What is the greatest common divisor of 39 and t?
39
Suppose -5 = 5*k - p, -k - 2*p + 25 = 3*p. Let x be (k/(-1) - -20) + 0. Let u(s) = s + 2. Let q be u(8). Calculate the greatest common divisor of x and q.
10
Let t(h) = h**2 - 3*h + 5. Let r be t(3). Let a(z) = -z**2 - 9*z - 6. Let p be a(-8). Let b be p - (-1 - 0 - 12). What is the highest common factor of b and r?
5
Let b(k) = k**2 + 7*k - 12. Let c be b(-10). Let m = c + -10. What is the greatest common divisor of m and 88?
8
Let g(a) = 2*a - 2. Let z be g(4). Suppose -4*b + 3*f + 77 = 2*f, -10 = 2*f. What is the greatest common divisor of b and z?
6
Suppose -3*b = 2*b - 85. Let v = -3 + b. What is the greatest common divisor of 42 and v?
14
Let m = 89 - 61. Let b(k) = -k + 2. Let q be b(0). Suppose q*i - 3*i = -42. What is the highest common divisor of i and m?
14
Suppose 15*u = 1354 + 6341. What is the highest common divisor of 57 and u?
57
Suppose a + 6 = -3*b + 1, -a - 5*b = 5. Let c(m) = -m**2 - 7*m + 1. Let w be c(a). Suppose -2*l + 12 = -142. What is the greatest common factor of w and l?
11
Suppose 2*x + 13 = 3*x. What is the highest common divisor of x and 39?
13
Let t be 0/(6 + -3) - -92. Suppose -t = 3*r - 302. Calculate the highest common factor of 10 and r.
10
Let i = -22 - -34. Suppose -3*n = i, -3*q = -4*n - 16 - 12. Suppose 40 = 5*m + f + 4*f, -4*m = f - 26. Calculate the greatest common factor of q and m.
2
Let h be 4/12 + 38/3. Calculate the highest common divisor of 91 and h.
13
Suppose -2*u = -5*g - 46, g + 70 - 14 = 4*u. What is the highest common divisor of 91 and u?
13
Let s be 84/16 + (-2)/8. Suppose s*z + 0*z - 160 = 0. Suppose -29 = -4*g - 4*i + 7, 4*g - z = -3*i. Calculate the highest common divisor of g and 35.
5
Let p(x) = -x**3 - 4*x**2 + 3*x - 6. Let v be p(-5). Let w be (-2)/v + 23/2. What is the highest common divisor of 55 and w?
11
Suppose 0 = b - 3*b + 156. What is the highest common factor of b and 13?
13
Let j be -2 + (1 - -2) - -1. Let c = j - -4. Suppose 0 = -3*z + 2*h + 124, -h + 0*h = 5*z - 211. What is the greatest common divisor of c and z?
6
Let y(x) = 3*x + 44. Let i(s) = s + 15. Let r(a) = 17*i(a) - 6*y(a). Let l be r(-8). Let m be l + 1 + 0 + 6. What is the highest common divisor of 6 and m?
6
Suppose -12 = -4*c + 4*s, 3*c - 3*s = 4*c - 15. Calculate the highest common factor of c and 42.
6
Suppose -x = -0*x - 43. Suppose 17 = y + 4*n - n, -2*y = -3*n - x. Let t = -27 + 87. Calculate the greatest common divisor of y and t.
20
Let n = -28 + 52. Let o = 24 - 8. Let l = 28 - o. Calculate the highest common divisor of n and l.
12
Let r be (-2 + 2 + 4)*10. Let a = 25 + -15. Calculate the highest common factor of r and a.
10
Let o = -171 + 181. What is the greatest common divisor of o and 15?
5
Suppose -3*s = -8*u + 3*u - 19, 0 = -3*u + 12. What is the greatest common factor of s and 52?
13
Let r(b) = -81*b**3 + 6*b + 5. Let x be r(-1). Let g(y) = 2*y**2 + 2*y - 2. Let d be g(-3). Calculate the greatest common factor of d and x.
10
Let a(v) = 3*v**2 - 2. Let w be a(2). Calculate the greatest common factor of w and 10.
10
Suppose 104 = t + 87. Let w(y) = -3*y**3 + 3*y**2 - 4*y - 1. Let a be (-14)/6 + (-2)/3. Let h be w(a). What is the greatest common factor of h and t?
17
Let h = -100 - -71. Let w = 13 - h. What is the highest common factor of w and 28?
14
Suppose 3*a = y - 59, 0 = -3*y - 4*a + 55 + 57. What is the greatest common divisor of 4 and y?
4
Let j(u) = 3*u - 5. Let m be j(4). Let t = m + 32. Calculate the highest common divisor of 26 and t.
13
Suppose -3*h - r + 135 = 0, -3*r + 70 = 2*h - 13. Calculate the highest common divisor of 69 and h.
23
Let p be 12/(-2)*(-1)/2. Suppose -p*n + 20 = n. Calculate the highest common divisor of 25 and n.
5
Let g(b) = -b + 2. Let t be g(-7). Let h = 31 + -13. What is the greatest common factor of h and t?
9
Let c = 7 + -2. Let v = -3 + c. What is the highest common factor of 8 and v?
2
Suppose -2*z = 5*t - 173, -8*z - 2*t + 254 = -5*z. Suppose 3*a = 4*o - 54, -o + 4*o + a - 34 = 0. What is the greatest common divisor of o and z?
12
Let w(j) = j**2 - 3*j - 9. Let t be w(7). Let o = 31 - t. Calculate the greatest common divisor of o and 6.
6
Let i be 167/4 + (-4)/(-16). Let s be i/(-12)*40/(-14). Calculate the highest common divisor of 2 and s.
2
Let d be (-80)/6*(-180)/80. Calculate the highest common divisor of 40 and d.
10
Suppose -4*o + i - 5*i = -64, 4*i = -3*o + 52. Let b be (-4 - 1) + (-65)/(-5). What is the greatest common factor of b and o?
4
Suppose -4*j + 15 - 4 = -n, -4*j = -5*n - 7. Calculate the greatest common divisor of n and 11.
1
Suppose 5*y = y + 12. Suppose -1 = -u + y. Suppose -68 = -u*b - 12. Calculate the highest common divisor of b and 28.
14
Let m = -31 + 43. Calculate the greatest common divisor of 6 and m.
6
Suppose -4*l + 195 = l + 5*n, -n - 136 = -4*l. What is the greatest common factor of l and 315?
35
Suppose 4 = 5*u - 1. Let n(d) = -d**2 - 4*d - 3. Let m be n(-2). Let f = 5 - m. What is the greatest common factor of f and u?
1
Let i be 7/5 - 9/(-15). What is the greatest common divisor of i and 14?
2
Let x be 5*-13 - (-5 - -5). Let q = 99 + x. What is the greatest common factor of 272 and q?
34
Let l(k) = -5*k - 27. Let b be l(-18). Calculate the greatest common factor of b and 42.
21
Let x = 11 + -7. Let s be x/(-6) + 28/6. Suppose 0 = -m - 2*m + 2*d + 42, -s*m - 4*d = -36. Calculate the highest common divisor of m and 132.
12
Let m(k) = -10*k - 1. Let s(f) = -11*f - 1. Let j(r) = 4*m(r) - 5*s(r). Let h be j(8). What is the greatest common divisor of h and 11?
11
Suppose 168 = k + 2*c, 0 = 5*k - 2*k + c - 484. Calculate the greatest common divisor of 20 and k.
20
Let d(b) = -b**3 - 4*b**2 + 3*b + 1. Suppose -5*w - 31 = 2*p, 7*p - 2*p = -3*w - 30. Let u be d(w). What is the highest common divisor of u and 77?
11
Let q(y) = y**2 - 1. Let v be q(-1). Suppose 0 = b - 9*g + 4*g - 3, v = 5*b + 2*g - 42. Calculate the highest common divisor of b and 12.
4
Suppose 4*v + 5*q = 1226, 0 = 4*v - 5*q + 3*q - 1212. What is the greatest common divisor of 16 and v?
16
Let n = -122 - -156. Calculate the highest common factor of 119 and n.
17
Let d(o) = o - 5. Let g be d(7). Let f(u) = -g*u + 3*u + 55*u**2 - 15*u**2. Let p be f(-1). What is the greatest common divisor of p and 13?
13
Suppose -38 = -5*w + 72. Calculate the greatest common divisor of w and 55.
11
Let v = -96 + 116. Calculate the highest common factor of 320 and v.
20
Suppose -3*i + 2*i = 5*m + 14, -2*i - m - 1 = 0. Calculate the highest common factor of 8 and i.
1
Suppose -5*j + 58 = i, 4 = j - 3*i - 14. What is the highest common factor of j and 96?
12
Suppose -2*t + 2*s + 44 = 0, -4*s + 14 = 5*t - 114. What is the highest common factor of t and 36?
12
Let c be 40/(-6)*12/(-10). Suppose -c*j + 3*j = -85. What is the highest common factor of j and 17?
17
Suppose -4*i + 112 = -2*i. Let m be 36/(-14)*i/(-6). Let v(q) = q**3 - 6*q**2 + q + 2. Let p be v(6). Calculate the greatest common factor of p and m.
8
Let a be ((-54)/(-12))/(6/8). Let d = -5 + 53. Calculate the greatest common factor of d and a.
6
Suppose -w + 4*o = -15, -7*o = -w - 2*o + 18. Let m(v) = v + 3. Let p be m(-4). Let d be (1 - p)*6 - 3. Calculate the highest common divisor of w and d.
3
Suppose 2*f + x = 17 + 9, 0 = -2*f + x + 26. Let d = 34 - f. Calculate the greatest common factor of d and 42.
21
Suppose -96 = -3*f - f. Calculate the highest common divisor of 216 and f.
24
Suppose 3*r - 2*t - 39 = 0, -3*t + 20 = 5*r - 45. What is the highest common divisor of r and 13?
13
Let x be (-2)/22 - (-10905)/165